 + 9154 = -12*p. What are the prime factors of s?
29, 79
Suppose 0 = q - 98 - 2. Suppose 19*x + q = 20*x. List the prime factors of x.
2, 5
Let j = 2447 - -705. What are the prime factors of j?
2, 197
Suppose -3*t - 21 - 42 = 0. Let k = t - -23. Suppose k*w - 27 = -2*v + v, -5 = -w. What are the prime factors of v?
17
Let s(v) = -v**3 + 13*v**2 + 4*v - 15. What are the prime factors of s(12)?
3, 59
Suppose -2*w = 5*g - 2280, 709 = 3*g - w - 670. What are the prime factors of g?
2, 229
Let g be (-13 - -12)/((-1)/233). Suppose -4*w + 159 = -g. Let u = -38 + w. List the prime factors of u.
2, 3, 5
What are the prime factors of 365/(-146) - (-13686)/4?
13, 263
Suppose 0 = -5*v + 4*v + y + 9, 4*v + y = 11. Suppose -v*d + 17 = -7. List the prime factors of d.
2, 3
Let a = 830 + -130. What are the prime factors of a?
2, 5, 7
Suppose q - 11 = -0*q. Let h = 16 - q. Suppose -h*t = -2*x - 392, 3*x = 4*t - 0*x - 308. List the prime factors of t.
2, 5
Let r(n) = -13*n**3 + 6*n**2 + 6*n - 10. What are the prime factors of r(-4)?
2, 3, 149
Let q be 2 - (-4 + -2 + -545). Suppose 127 = -6*s + q. What are the prime factors of s?
71
Let j be 78/10 + 6/30. Suppose -7*n + 9*n + j = 0. Let p = -2 - n. List the prime factors of p.
2
Suppose 4*t = -3*h + 26, -h - 3*t + 17 = -0*h. What are the prime factors of 219/(h/(-1 - -3))?
3, 73
Let g = 731 - 1211. Let t be g/(-18)*(-6)/(-4). List the prime factors of -57*(3 + t/(-12)).
19
Suppose 5*g + 71 = -264. Let j = 224 + g. What are the prime factors of j?
157
Let i(q) = -15*q + 5. Let g be i(0). List the prime factors of (-6)/2 - (-76 + 5 - g).
73
Suppose -2 = -7*d + 6*d. Suppose 0 = d*x - 18 - 22. Suppose 5*m + c = 6*c + x, -5*m + 44 = c. List the prime factors of m.
2
Let a = 280 - -1224. What are the prime factors of a?
2, 47
Suppose 5*m - 6 - 24 = -p, -3*p - 2*m + 25 = 0. Let i = 3 + -1. Suppose 5 = p*k + 4*n, i*k + n = k. What are the prime factors of k?
5
Let c = -11 - -22. Let d = c - 4. Let z(f) = 4*f - 2. What are the prime factors of z(d)?
2, 13
Let y(u) = u**2 + 10*u + 25. Let a be y(-7). Let k(d) = d + 12. Let l be k(-9). Suppose l + 5 = a*h. List the prime factors of h.
2
Let k = -1043 - -3124. What are the prime factors of k?
2081
Let i(n) = n**3 - 18*n**2 - 8. Let g be i(18). List the prime factors of -4 - 30/g*-2*-8.
2, 7
Let g be (4 + 1)/(14/14). Suppose 0 = -5*w + 120 + g. Let z = 20 + w. What are the prime factors of z?
3, 5
Let m = 41 - 33. Let n = m + 90. List the prime factors of n.
2, 7
Let d = -12 - -1016. What are the prime factors of d?
2, 251
Let j(o) = -o**3 - 17*o**2 - 5*o + 14. Let g be j(-17). What are the prime factors of ((-14)/(-6))/(1/g)?
3, 7, 11
Let r(x) be the first derivative of -2*x**4 - x**3/3 - x**2/2 - x + 36. What are the prime factors of r(-1)?
7
List the prime factors of 90 - ((2 - 11) + 1).
2, 7
Let l(r) = -r**3 - 5*r**2 - 6*r - 4. Suppose -x + 6 = 10. Let b be l(x). Suppose -b*i - 3 = 1, i + 130 = 3*u. List the prime factors of u.
43
Let n be 18/63 + (-1867)/(-7). Suppose 5*r - n + 57 = 0. What are the prime factors of r*(24/28 + 0)?
2, 3
Suppose -4*o + 0*o + 8 = 0. Let h = 206 - 178. Suppose -o*x + 74 = h. List the prime factors of x.
23
Let g(z) = 15*z**2 - 33*z - 42. Let l(k) = 8*k**2 - 16*k - 22. Let i(y) = 4*g(y) - 7*l(y). List the prime factors of i(10).
2, 3, 31
Suppose 0 = -m - 3*m - 4*v + 1356, -1697 = -5*m - 4*v. List the prime factors of m.
11, 31
Let k(h) = h**2 - 11*h - 25. Let j be k(11). List the prime factors of (-10)/j - (-2 - 984/15).
2, 17
Let p(d) = -8*d**3. Let t be p(-1). Let c be t/36 - 264/(-27). Let u = c - 5. What are the prime factors of u?
5
Suppose -2*a + 76 = -4*f - f, -f = 3*a + 5. Let h(q) = q**3 - 17*q**2 - 7*q + 107. Let m be h(17). Let l = m - f. What are the prime factors of l?
2
Let l = 2 - -1. Suppose -l*w - 280 = -7*w. Suppose 2*t + t - w = -4*n, 2*t - 2*n = 56. List the prime factors of t.
2, 13
Suppose 18 = 2*r - 5*g, 3*r - g - 34 - 6 = 0. Suppose -l + 2*y + r = 0, y - 5 = 2*l - 45. List the prime factors of l.
2, 11
Let h(s) = -s + 13. Suppose -q + 0 = 7. List the prime factors of h(q).
2, 5
Suppose 0 = 2*f - f - 3. Suppose 128 = r + f*r. Suppose 4*n + 4*k - r = 0, -n + 2*n = 4*k + 8. What are the prime factors of n?
2
What are the prime factors of 919/(((-49)/42 + 1)*-6)?
919
Let o(b) = -32*b**2 - 7*b - 6. Let v be o(-4). Let h be v/(-25) - (-2)/5. Suppose 4*p + h = 208. What are the prime factors of p?
47
Let l(t) = 2*t**2 - 52*t - 37. List the prime factors of l(34).
3, 13
Let y be (-12)/15 - 72/10. List the prime factors of 1112/(-32)*y/2.
139
Let d = 6 + 3. Let a(y) = -8*y - 3. Let g(i) = -39*i - 15. Let j(p) = 24*a(p) - 5*g(p). List the prime factors of j(d).
2, 3, 5
Let q be (5/4)/((-19)/(-4484)). Let c = q - 134. List the prime factors of c.
7, 23
Let t(w) = w**3 + 8*w**2 + 12*w - 20. Let i be t(-7). List the prime factors of -148*2/10*i/22.
2, 37
Let a be (-6)/4*(-48)/18. Suppose p - a = -1. Suppose p = -k - 5*x + 49, k = -x + 26. What are the prime factors of k?
3, 7
Suppose 0*t + 5*t + 2*t = 0. Suppose t = 2*j + p + 25 - 130, 2*j - 87 = 5*p. List the prime factors of j.
3, 17
Let n(q) = 3 + 2*q**2 + 3*q**2 + q - 3*q**2 + 5*q**2. Let y(a) = 15*a**2 + a + 7. Let s(h) = 13*n(h) - 6*y(h). List the prime factors of s(-8).
5
Suppose -2*y - 6399 = -5*v, 2*v - 2188 - 380 = -2*y. List the prime factors of v.
3, 7, 61
Let t(z) = z + 1. Let s(j) = 14*j + 14. Let g(k) = -2*s(k) - 10*t(k). What are the prime factors of g(-4)?
2, 3, 19
Suppose -6*b + 1 + 11 = 0. List the prime factors of ((443 - 3)/4)/(b/1).
5, 11
Let f(k) = 3*k - 11. Let c be f(6). Let w = c + 15. List the prime factors of w.
2, 11
Let p(d) = d + 35 - 2*d - 43. Let q be p(6). What are the prime factors of 105/(-6)*q/5?
7
What are the prime factors of (5537 - 2)*(-1 - 9/(-5))?
2, 3, 41
Let k(z) be the second derivative of -35*z**3/6 + 13*z**2/2 - 7*z. Let c be k(-4). Let j = c + -84. What are the prime factors of j?
3, 23
Let w be (-2)/5*(-15)/3. Suppose 2*l - 218 = -5*k, 4*k + w*l - 180 = 6*l. List the prime factors of k.
2, 11
Let p = 19 + -17. Suppose p*k - 19 = 171. What are the prime factors of k?
5, 19
Suppose -4 = 2*i + 3*a, -i - a = -0*a. Suppose -4*r = 3*q - 2*r - 17, -i*q + 2*r = -4. What are the prime factors of ((-27)/18)/(q/(-76))?
2, 19
Let f(q) = -21*q - 75. What are the prime factors of f(-10)?
3, 5
Suppose -4*r = -159*k + 162*k - 19243, -2*k + 10 = 0. What are the prime factors of r?
11, 19, 23
Let i(j) be the third derivative of -j**4/24 + 11*j**3/3 + j**2. Suppose -3*a = -22*a. List the prime factors of i(a).
2, 11
Let p = 425 + 113. List the prime factors of p.
2, 269
Let u(o) = 10*o**2 + o + 7. Let z be u(-5). Suppose -z - 644 = -7*k. List the prime factors of k.
2
What are the prime factors of (0 + 3)/((-12)/(-6476))?
1619
Let r be ((-8)/3)/(38/627). Let w(u) = 18*u - 2. Let i be w(6). Let z = r + i. List the prime factors of z.
2, 31
Let u = -2491 - -4009. What are the prime factors of u?
2, 3, 11, 23
Suppose 11*k - 6*k + o = 3, 4*k = 3*o - 9. Suppose 2*y + f - 235 = k, f + 3 = 4*f. List the prime factors of y.
3, 13
Let z(a) = 29*a - 2. Let m(r) = -r**3 + 6*r**2 + 3. Let l be m(6). Let c be z(l). Suppose 4*h = -h + c. What are the prime factors of h?
17
Let r(v) = -v**3 - 9*v**2 - 3*v + 16. Let o be r(-7). Let m = 28 - o. What are the prime factors of m?
89
Let p be -1 + (-2)/2 + -7. Let f(i) = 3 - 8 - 5*i - 4 - 2 + 7. List the prime factors of f(p).
41
Let o be 5/(-3)*114/(-95). Suppose -5*b + 459 = o*i + i, 2*i - 305 = -3*b. What are the prime factors of i?
2, 37
Let g = 21 - 15. Suppose g*i - 8*i = 8. Let z = i - -40. List the prime factors of z.
2, 3
Suppose -29 + 111 = l. Let p = l + -10. What are the prime factors of p?
2, 3
What are the prime factors of (-1)/4 + 81*1137/36?
2, 1279
Let v(b) = -b**2 + 15*b + 5. What are the prime factors of v(8)?
61
Suppose 10*s = 4*s + 24. Suppose 2*w - 2*n - 84 - 14 = 0, -3*n + 175 = s*w. List the prime factors of w.
2, 23
Suppose 0 = 5*x - 5*r - 15360, 0 = 98*x - 100*x - 4*r + 6114. What are the prime factors of x?
3067
Let t = 2598 + -1492. What are the prime factors of t?
2, 7, 79
Let i(j) = j + 4 - 5 + 6. Let t be i(0). Suppose -24 = -2*c - 0*z + 2*z, -4*z - 58 = -t*c. List the prime factors of 